
{"id":181,"date":"2017-05-05T17:29:38","date_gmt":"2017-05-05T20:29:38","guid":{"rendered":"https:\/\/blogdaguaira.wpcomstaging.com\/?page_id=181"},"modified":"2024-01-31T08:50:53","modified_gmt":"2024-01-31T11:50:53","slug":"politica-de-privacidade","status":"publish","type":"page","link":"https:\/\/guairaimoveis.com.br\/blog\/politica-de-privacidade\/","title":{"rendered":"Pol\u00edtica de Privacidade"},"content":{"rendered":"<p>N\u00f3s, da Gua\u00edra Neg\u00f3cios Imobili\u00e1rios, estamos comprometidos em resguardar sua privacidade. O intuito deste documento \u00e9 esclarecer quais informa\u00e7\u00f5es s\u00e3o coletadas e de que forma esses dados s\u00e3o utilizados.<\/p>\n<p>Alertamos que se voc\u00ea n\u00e3o concordar com o conte\u00fado desta pol\u00edtica, n\u00e3o \u00e9 recomend\u00e1vel baixar nossos materiais e nem utilizar qualquer um de nossos servi\u00e7os.<\/p>\n<h3>Sobre a coleta de dados<\/h3>\n<p>Em nossos sites, as informa\u00e7\u00f5es s\u00e3o coletadas das seguintes formas:<\/p>\n<p><strong>Informa\u00e7\u00f5es fornecidas por voc\u00ea:<\/strong> coletamos informa\u00e7\u00f5es de identifica\u00e7\u00e3o pessoal como nome, telefone e e-mail, via preenchimento dos formul\u00e1rios, para que n\u00f3s possamos entrar em contato com voc\u00ea.<\/p>\n<p><strong>Hist\u00f3rico de contatos:<\/strong> armazenamos informa\u00e7\u00f5es sobre todos os contatos j\u00e1 realizados com nossos usu\u00e1rios a partir de nossas p\u00e1ginas e intera\u00e7\u00f5es via email.<\/p>\n<h3>Sobre o uso de suas Informa\u00e7\u00f5es Pessoais<\/h3>\n<p>O presente termo permite que a Gua\u00edra Neg\u00f3cios Imobili\u00e1rios utilize suas informa\u00e7\u00f5es pessoais para diferentes finalidades.<\/p>\n<p>O e-mail \u00e9 utilizado para a opera\u00e7\u00e3o de envio de materiais e\/ou informa\u00e7\u00f5es por voc\u00ea requisitadas no preenchimento de formul\u00e1rios. Tamb\u00e9m pode ser usado para envio de Newsletters, sempre relacionadas ao tema &#8220;Mercado Imobili\u00e1rio&#8221;.<\/p>\n<p>Por fim, o e-mail ser\u00e1 utilizado ainda para comunicar o lan\u00e7amento de novos materiais gratuitos ou de novos produtos da Gua\u00edra Neg\u00f3cios Imobili\u00e1rios. No entanto, voc\u00ea poder\u00e1 cancelar a assinatura a qualquer momento.<\/p>\n<p>Os dados de cadastro poder\u00e3o ser divulgados como pesquisas e estat\u00edsticas, n\u00e3o sendo reveladas abertamente nenhuma informa\u00e7\u00e3o pessoal, a menos que autorizada explicitamente.<\/p>\n<p>Funcion\u00e1rios da Gua\u00edra Neg\u00f3cios Imobili\u00e1rios poder\u00e3o, eventualmente, entrar em contato via email e\/ou telefone para fazer pesquisas ou apresentar produtos e servi\u00e7os.<\/p>\n<p>Suas informa\u00e7\u00f5es pessoais ser\u00e3o compartilhadas com nossos parceiros apenas quando a parceria estiver expl\u00edcita na p\u00e1gina onde consta o formul\u00e1rio para o recebimento de conte\u00fado educativo.<\/p>\n<h3>Sobre o acesso \u00e0s suas informa\u00e7\u00f5es pessoais<\/h3>\n<p>Poder\u00e3o ver suas informa\u00e7\u00f5es pessoais apenas funcion\u00e1rios da Gua\u00edra Neg\u00f3cios Imobili\u00e1rios. Eventualmente, caso a inser\u00e7\u00e3o de suas informa\u00e7\u00f5es se d\u00ea em a\u00e7\u00f5es criadas em parcerias, os parceiros explicitamente identificados tamb\u00e9m ter\u00e3o acesso \u00e0 informa\u00e7\u00e3o. Nenhuma informa\u00e7\u00e3o pessoal poder\u00e1 ser divulgada publicamente.<\/p>\n<p>A Gua\u00edra Neg\u00f3cios Imobili\u00e1rios tamb\u00e9m se compromete a n\u00e3o vender, alugar ou repassar suas informa\u00e7\u00f5es para terceiros. A \u00fanica exce\u00e7\u00e3o est\u00e1 em casos em que essas informa\u00e7\u00f5es forem exigidas judicialmente.<\/p>\n<p>Al\u00e9m disso, embora trabalhemos com boas pr\u00e1ticas de prote\u00e7\u00e3o e seguran\u00e7a, nenhum servi\u00e7o prestado da web possui 100% de garantia contra invas\u00f5es. Sendo assim, n\u00e3o podemos nos responsabilizar caso isso ocorra.<\/p>\n<h3>Sobre o compartilhamento de conte\u00fado nas redes sociais<\/h3>\n<p>Ao clicar nos bot\u00f5es de compartilhamento de conte\u00fado nas m\u00eddias sociais dispon\u00edveis em nossas p\u00e1ginas, voc\u00ea estar\u00e1 publicando o conte\u00fado por meio de seu perfil na rede selecionada. A Gua\u00edra Neg\u00f3cios Imobili\u00e1rios n\u00e3o possui acesso ao login e senha dos usu\u00e1rios nessas redes, nem publicar\u00e1 conte\u00fado em nome do usu\u00e1rio sem que ele realize esta a\u00e7\u00e3o.<\/p>\n<p>O mesmo princ\u00edpio vale para a obten\u00e7\u00e3o de materiais educativos por meio da op\u00e7\u00e3o \u201cPagamento Social\u201d.<\/p>\n<h3>Sobre o cancelamento da assinatura e altera\u00e7\u00e3o\/exclus\u00e3o de informa\u00e7\u00f5es pessoais<\/h3>\n<p>Voc\u00ea pode optar por n\u00e3o receber mais qualquer tipo de email da Gua\u00edra Neg\u00f3cios Imobili\u00e1rios.<\/p>\n<p>Em todos os emails que enviamos h\u00e1 sempre um link dispon\u00edvel nas \u00faltimas linhas para cancelar a assinatura. Ao clicar nesse link voc\u00ea ser\u00e1 automaticamente descadastrado da lista.<\/p>\n<p>\u00c9 importante mencionar que, ao preencher qualquer formul\u00e1rio, novamente ficar\u00e1 caracterizada a inser\u00e7\u00e3o do seu e-mail em nossa lista. Portanto, a requisi\u00e7\u00e3o de cancelamento dever\u00e1 ser feita novamente caso seja de seu interesse.<\/p>\n<p>Para alterar suas informa\u00e7\u00f5es pessoais ou mesmo exclu\u00ed-las do nosso banco de dados, basta enviar um email para contato@guairaimoveis.com.br.<\/p>\n","protected":false},"excerpt":{"rendered":"<p>N\u00f3s, da Gua\u00edra Neg\u00f3cios Imobili\u00e1rios, estamos comprometidos em resguardar sua privacidade. O intuito deste documento \u00e9 esclarecer quais informa\u00e7\u00f5es s\u00e3o coletadas e de que forma esses dados s\u00e3o utilizados. Alertamos que se voc\u00ea n\u00e3o concordar com o conte\u00fado desta pol\u00edtica, n\u00e3o \u00e9 recomend\u00e1vel baixar nossos materiais e nem utilizar qualquer um de nossos servi\u00e7os. Sobre [&hellip;]<\/p>\n","protected":false},"author":2,"featured_media":0,"parent":0,"menu_order":0,"comment_status":"closed","ping_status":"closed","template":"","meta":{"footnotes":""},"yoast_head":"<!-- This site is optimized with the Yoast SEO plugin v21.6 - https:\/\/yoast.com\/wordpress\/plugins\/seo\/ -->\n<title>Pol\u00edtica de Privacidade - Blog da Gua\u00edra<\/title>\n<meta name=\"robots\" content=\"index, follow, max-snippet:-1, max-image-preview:large, max-video-preview:-1\" \/>\n<link rel=\"canonical\" href=\"https:\/\/guairaimoveis.com.br\/blog\/politica-de-privacidade\/\" \/>\n<meta property=\"og:locale\" content=\"pt_BR\" \/>\n<meta property=\"og:type\" content=\"article\" \/>\n<meta property=\"og:title\" content=\"Pol\u00edtica de Privacidade - Blog da Gua\u00edra\" \/>\n<meta property=\"og:description\" content=\"N\u00f3s, da Gua\u00edra Neg\u00f3cios Imobili\u00e1rios, estamos comprometidos em resguardar sua privacidade. O intuito deste documento \u00e9 esclarecer quais informa\u00e7\u00f5es s\u00e3o coletadas e de que forma esses dados s\u00e3o utilizados. Alertamos que se voc\u00ea n\u00e3o concordar com o conte\u00fado desta pol\u00edtica, n\u00e3o \u00e9 recomend\u00e1vel baixar nossos materiais e nem utilizar qualquer um de nossos servi\u00e7os. Sobre [&hellip;]\" \/>\n<meta property=\"og:url\" content=\"https:\/\/guairaimoveis.com.br\/blog\/politica-de-privacidade\/\" \/>\n<meta property=\"og:site_name\" content=\"Blog da Gua\u00edra\" \/>\n<meta property=\"article:modified_time\" content=\"2024-01-31T11:50:53+00:00\" \/>\n<meta property=\"og:image\" content=\"https:\/\/guairaimoveis.com.br\/blog\/wp-content\/uploads\/2024\/01\/screenshot.jpg\" \/>\n\t<meta property=\"og:image:width\" content=\"800\" \/>\n\t<meta property=\"og:image:height\" content=\"600\" \/>\n\t<meta property=\"og:image:type\" content=\"image\/jpeg\" \/>\n<meta name=\"twitter:card\" content=\"summary_large_image\" \/>\n<meta name=\"twitter:label1\" content=\"Est. tempo de leitura\" \/>\n\t<meta name=\"twitter:data1\" content=\"4 minutos\" \/>\n<!-- \/ Yoast SEO plugin. -->","yoast_head_json":{"title":"Pol\u00edtica de Privacidade - Blog da Gua\u00edra","robots":{"index":"index","follow":"follow","max-snippet":"max-snippet:-1","max-image-preview":"max-image-preview:large","max-video-preview":"max-video-preview:-1"},"canonical":"https:\/\/guairaimoveis.com.br\/blog\/politica-de-privacidade\/","og_locale":"pt_BR","og_type":"article","og_title":"Pol\u00edtica de Privacidade - Blog da Gua\u00edra","og_description":"N\u00f3s, da Gua\u00edra Neg\u00f3cios Imobili\u00e1rios, estamos comprometidos em resguardar sua privacidade. O intuito deste documento \u00e9 esclarecer quais informa\u00e7\u00f5es s\u00e3o coletadas e de que forma esses dados s\u00e3o utilizados. Alertamos que se voc\u00ea n\u00e3o concordar com o conte\u00fado desta pol\u00edtica, n\u00e3o \u00e9 recomend\u00e1vel baixar nossos materiais e nem utilizar qualquer um de nossos servi\u00e7os. Sobre [&hellip;]","og_url":"https:\/\/guairaimoveis.com.br\/blog\/politica-de-privacidade\/","og_site_name":"Blog da Gua\u00edra","article_modified_time":"2024-01-31T11:50:53+00:00","og_image":[{"width":800,"height":600,"url":"https:\/\/guairaimoveis.com.br\/blog\/wp-content\/uploads\/2024\/01\/screenshot.jpg","type":"image\/jpeg"}],"twitter_card":"summary_large_image","twitter_misc":{"Est. tempo de leitura":"4 minutos"},"schema":{"@context":"https:\/\/schema.org","@graph":[{"@type":"WebPage","@id":"https:\/\/guairaimoveis.com.br\/blog\/politica-de-privacidade\/","url":"https:\/\/guairaimoveis.com.br\/blog\/politica-de-privacidade\/","name":"Pol\u00edtica de Privacidade - Blog da Gua\u00edra","isPartOf":{"@id":"https:\/\/guairaimoveis.com.br\/blog\/#website"},"datePublished":"2017-05-05T20:29:38+00:00","dateModified":"2024-01-31T11:50:53+00:00","breadcrumb":{"@id":"https:\/\/guairaimoveis.com.br\/blog\/politica-de-privacidade\/#breadcrumb"},"inLanguage":"pt-BR","potentialAction":[{"@type":"ReadAction","target":["https:\/\/guairaimoveis.com.br\/blog\/politica-de-privacidade\/"]}]},{"@type":"BreadcrumbList","@id":"https:\/\/guairaimoveis.com.br\/blog\/politica-de-privacidade\/#breadcrumb","itemListElement":[{"@type":"ListItem","position":1,"name":"In\u00edcio","item":"https:\/\/guairaimoveis.com.br\/blog\/"},{"@type":"ListItem","position":2,"name":"Pol\u00edtica de Privacidade"}]},{"@type":"WebSite","@id":"https:\/\/guairaimoveis.com.br\/blog\/#website","url":"https:\/\/guairaimoveis.com.br\/blog\/","name":"Blog da Gua\u00edra","description":"Aqui voc\u00ea vai encontrar conte\u00fados incr\u00edveis sobre o mercado imobili\u00e1rio e tirar todas as d\u00favidas que voc\u00ea tem na hora de comprar, alugar ou negociar um im\u00f3vel.","publisher":{"@id":"https:\/\/guairaimoveis.com.br\/blog\/#organization"},"alternateName":"Gua\u00edra","potentialAction":[{"@type":"SearchAction","target":{"@type":"EntryPoint","urlTemplate":"https:\/\/guairaimoveis.com.br\/blog\/?s={search_term_string}"},"query-input":"required name=search_term_string"}],"inLanguage":"pt-BR"},{"@type":"Organization","@id":"https:\/\/guairaimoveis.com.br\/blog\/#organization","name":"Blog da Gua\u00edra","url":"https:\/\/guairaimoveis.com.br\/blog\/","logo":{"@type":"ImageObject","inLanguage":"pt-BR","@id":"https:\/\/guairaimoveis.com.br\/blog\/#\/schema\/logo\/image\/","url":"https:\/\/guairaimoveis.com.br\/blog\/wp-content\/uploads\/2022\/04\/logo-200x55-1.png","contentUrl":"https:\/\/guairaimoveis.com.br\/blog\/wp-content\/uploads\/2022\/04\/logo-200x55-1.png","width":200,"height":55,"caption":"Blog da Gua\u00edra"},"image":{"@id":"https:\/\/guairaimoveis.com.br\/blog\/#\/schema\/logo\/image\/"}}]}},"_links":{"self":[{"href":"https:\/\/guairaimoveis.com.br\/blog\/wp-json\/wp\/v2\/pages\/181"}],"collection":[{"href":"https:\/\/guairaimoveis.com.br\/blog\/wp-json\/wp\/v2\/pages"}],"about":[{"href":"https:\/\/guairaimoveis.com.br\/blog\/wp-json\/wp\/v2\/types\/page"}],"author":[{"embeddable":true,"href":"https:\/\/guairaimoveis.com.br\/blog\/wp-json\/wp\/v2\/users\/2"}],"replies":[{"embeddable":true,"href":"https:\/\/guairaimoveis.com.br\/blog\/wp-json\/wp\/v2\/comments?post=181"}],"version-history":[{"count":3,"href":"https:\/\/guairaimoveis.com.br\/blog\/wp-json\/wp\/v2\/pages\/181\/revisions"}],"predecessor-version":[{"id":5179,"href":"https:\/\/guairaimoveis.com.br\/blog\/wp-json\/wp\/v2\/pages\/181\/revisions\/5179"}],"wp:attachment":[{"href":"https:\/\/guairaimoveis.com.br\/blog\/wp-json\/wp\/v2\/media?parent=181"}],"curies":[{"name":"wp","href":"https:\/\/api.w.org\/{rel}","templated":true}]}}